-27 - 32)?
-19
What is 0 - -17 - (13 - ((6 - -2) + -1))?
11
Calculate -3 + -3 - (1 - 7 - (5 + -4)).
1
Calculate (-22 - (-4 + 1) - 0) + 6.
-13
Evaluate -2 + -1 + 7 - 7 - (2 + -10).
5
(-14 + 0 - -1) + (-411 - -407)
-17
What is 0 - -20 - (12 - 3)?
11
Evaluate -11 + 6 + (5 - (7 + (2 - 3))).
-6
-3 - (4 - 7 - (-15 - -7))
-8
What is (9 - 1) + (-31 - -19) + -8?
-12
Evaluate -43 + 18 - (-3 + -10).
-12
Calculate -5 - 2 - (-44 + 45 - -31).
-39
Calculate (4 + 5 - 6 - -2) + -13.
-8
-8 + 14 - (4 - -6) - (-3 - 13)
12
1 - (3 - -12 - (5 + 3))
-6
Calculate (8 + 2 + (-6 - 2) - -4) + -3.
3
What is the value of -2 - -1 - (-18 - -22) - 3?
-8
What is the value of 9 - (-3 + -4 - 1 - (-97 + 55))?
-25
Calculate 947 + -953 - (-16 - (-4 - (2 - 4))).
8
Evaluate 12 + -9 - (3 + -6 - -4).
2
Evaluate -10 - (3 + 7 + (-1 - 5) + -5).
-9
What is -5 - 1 - ((12 - 36) + 6)?
12
-24 - (-14 + -10) - 12
-12
What is -1 - (10 - (-12 + 14))?
-9
-6 - (-4 - (-13 + 8) - 12)
5
Evaluate 0 - (-3 + 11) - (-5 - -3 - -7).
-13
Calculate -19 + -2 - (-96 - -94).
-19
What is the value of -30 + -9 + 36 - (-2 + -1 + -2)?
2
What is (-18 - -13) + (2 - (-1 - 2)) + -9?
-9
What is the value of 8 - (-1 + 14 + 61 + -62)?
-4
What is the value of 4 + -10 - 0 - -19?
13
What is the value of -1 - (12 + -26 + 22) - 7?
-16
Evaluate (1 - 7 - -2) + -7 + 5.
-6
Calculate (-28 - 26) + -8 + 30.
-32
What is the value of (7 + -3 - (9 - (10 + -9))) + -5?
-9
What is the value of -10 + 3 - 2 - ((-11 - -7) + 8)?
-13
Evaluate -2 + 39 + 568 + -618.
-13
Evaluate (5 - 2) + (6 - (15 - 4 - -5)).
-7
Calculate -8 - (-13 - 2 - 6).
13
What is the value of (-518 - -485) + 18 + 0?
-15
What is -1 + 8 + (-8 - 4) - -3?
-2
What is the value of 5 + (5 - 1) + -8 + 5?
6
1 + -5 - ((-3 + -10 - -4) + 13)
-8
What is -7 - (112 - 119 - (2 + 4))?
6
Calculate -15 + 7 + (18 - 1) - 18.
-9
(-14 + -3 - -22) + 0
5
What is 27 - (15 - (-10 + 17 - -5))?
24
What is 9 - 1 - 1 - -20 - 4?
23
What is (-15 - -9 - 13) + -11 + 7?
-23
Evaluate (-7 - -13) + -24 - -27.
9
What is the value of 7 - (5 + -9 - -22 - -1)?
-12
Evaluate (176 + -181 - (2 + -27 + 1)) + -6.
13
Calculate 24 - 33 - 10 - (-2 + -1 - 6).
-10
5 + ((6 - 5) + -4 - 3)
-1
7 + (-15 + 0 - (-7 - (-10 + 5)))
-6
Evaluate 4 + -8 - (5 - -1) - (-4 - 2).
-4
What is the value of -9 + 2 - (-19 + -2)?
14
What is (2 - 11 - (-3 + 0)) + 1 + -7?
-12
Calculate (5 - -26) + (4 - 7).
28
Calculate 13 + -9 - (3 - 5).
6
Evaluate -6 + -1 + 6 - (7 - (8 + -2)).
-2
Calculate (-17 + 7 + 1 - -3) + 1.
-5
What is the value of -3 + -3 + 5 + (7 - 9 - 11)?
-14
Calculate -29 + 53 + -44 - -6.
-14
What is the value of -41 + 8 + 16 - -13?
-4
Evaluate -6 + 10 - (7 + -6 + -11).
14
Calculate -6 - (-16 + 2 + (4 - 16)).
20
What is -1 + -1 + (3 + 8 - 7)?
2
What is 8 + -2 + (9 - -9 - 17) + -1?
6
Calculate (-35 - (24 - 57)) + -22 + 3.
-21
Calculate -12 + 14 + (-10 - -2).
-6
What is the value of -4 - (0 - -10) - (-7 - (-7 + 3))?
-11
What is (18 - 13) + (2 - 5) + 7?
9
14 - (41 + -4 - (7 - -11))
-5
What is 10 + (6 - 4 - -8 - (-1 + 3))?
18
What is 0 + -2 - (8 + -21 + 20)?
-9
-11 + 14 + 8 + (-7 - 0) + -8
-4
Evaluate -22 + (-6 - (17 + -8 - 23)).
-14
Evaluate (-449 - -468) + (0 - 19).
0
Evaluate -17 + (3 - (-7 - -2)).
-9
What is -8 - (-34 + 51 - 17 - (0 - -5))?
-3
Evaluate -8 + -1 + 15 + (-3 + 4 - 3).
4
What is (16 - 3) + (197 - 183)?
27
What is (15 - 6 - (16 - 8)) + -12?
-11
Evaluate -3 + 14 - (-50 - -58).
3
Evaluate 2 + -4 + -3 + (7 + -6 - 0).
-4
Evaluate (6 - -1) + 0 - ((49 - 40) + -6).
4
What is -916 + 921 - (-2 + -16)?
23
3 + -7 + 5 + 4 - (0 - 3)
8
What is the value of -13 + 73 + -12 + -31?
17
2 - 1 - (62 + -83)
22
What is the value of 170 + -149 + (-43 - 2) - (0 - -2)?
-26
Evaluate -2 - (13 + (0 + -32 - -16)).
1
Evaluate 30 - 5 - (-5 + (9 - -5)).
16
What is the value of 6 - ((0 - -8) + 302 + -282)?
-22
-2 + -6 - (204 + -218)
6
Evaluate -9 + (-10 + 1 + 9 - (1 - -1)).
-11
(0 - -6) + -17 + (-20 - -37)
6
Calculate -3 + -5 + -12 + 8 - -3.
-9
Evaluate -14 + -12 + (-15 + 9 - -32).
0
(7 - (9 - -2) - 3) + (-3 - -5)
-5
Calculate 1 - 2 - (88 + -99) - (-11 - -2).
19
What is -10 + (-4 - 4 - ((-3 - -3) + 1))?
-19
Calculate (-36 - 2) + (18 - (13 - 4 - -5)).
-34
What is the value of -4 + (0 - (2 + 1)) + 48 + -37?
4
Evaluate 9 + -12 - (3 + -9).
3
Calculate 1 + 17 + (15 - (30 - 13)) - 7.
9
Calculate (-34 - 4) + -66 + 104.
0
Calculate 6 - -2 - (32 + -19 + -15).
10
What is the value of 7 + 4 - (4 + -2 + (0 - 4))?
13
(30 - (13 + -2)) + -1
18
11 - (7 - 14) - 18
0
Calculate (-8 - (27 - 16)) + 16 + 10.
7
What is the value of -12 + (30 - 3) + -12?
3
What is 7 + -1 + (-6 - 6) + 3 + 17?
14
Calculate -2 + (-163 - -159 - (-11 - -2 - -1)).
2
14 + 0 + -45 - -46
15
Calculate (-120 - -167) + 4 + -30.
21
What is the value of 5 - (19 + -8 - 11)?
5
-10 + (31 - (-11 + 24))
8
What is (-14 + 19 - (0 + -13)) + (4 - -2)?
24
What is the value of (8 - (-11 + 18)) + 0?
1
What is the value of -4 + 9 + (8 - 4) - 16?
-7
Evaluate 14 + -7 + -6 + (2 - (-1 - -16)).
-12
What is -70 - -37 - -11 - -32?
10
Calculate -2 + 1 + -19 + 31 + (-73 - -49).
-13
Calculate -6 - (-6 + (-6 - -5) - 0).
1
Calculate -24 + (16 - -18) - (-1 - (1 + -1)).
11
What is -6 + (0 - (5 + -12 + 6)) - 2?
-7
Evaluate 86 + -107 - (-1 - 15).
-5
Calculate -11 + (-6 - (-3 + (-7 - -4))).
-11
What is -7 + -5 + (-55 - -65)?
-2
Calculate -13 + (312 - 317) + (-1 - 4).
-23
What is the value of ((13 - 15) + -9 - 3) + -3?
-17
14 + -15 - (11 + -8 + 2 + -20)
14
-2 + -6 - (21 - 19)
-10
What is 5 - (6 + -5) - (-6 - 4)?
14
Calculate -30 + -2 + 0 - (-20 + 40 + -25).
-27
Calculate (11 - 10) + (30 - 10).
21
What is the value of -5 - (-6 + (-1 - 0)) - (-29 + 30)?
1
Calculate 2 + -4 + -7 + 2 - -8.
1
What is the value of -85 + 45 + -23 + 43?
-20
Evaluate -46 - -64 - 22 - ((1 - 1) + -7).
3
What is the value of -4 + (3 + (-1 - 8) - -7) + 1?
-2
Evaluate -2 - -3 - (-63 + 59).
5
Calculate -4 - -1 - ((-5 + -2 - -8) + 5).
-9
Calculate 12 - (18 - (-6 - -17)).
5
What is 0 + (-3 - 1 - (103 - 98))?
-9
What is the value of (-40 - -29) + -4 + (-10 - (2 + -2))?
-25
Calculate -20 + -13 + 15 - -1.
-17
Evaluate -14 - (-27 - 26 - -24).
15
What is the value of (10 + -2 - 16 - 1) + 18?
9
Evaluate (-15 - -1) + (-30 - -22).
-22
What is the value of (-4 - 0) + -29 + 21?
-12
Calculate -2 - (-2 - (6 - (0 - -1)) - -31).
-26
What is 28 + -36 - (3 - -3)?
-14
-4 + 1 + 1 + (-8 - (3 + -6))
-7
Calculate 805 + -805 + (0 - 22).
-22
What is -16 - 2 - 19 - -39?
2
What is the value of -13 - (-5 - (-14 - -13))?
-9
Evaluate (-8 - -7 - -2) + 6 + (7 - 6).
8
What is -68 - -66 - (-2 + (-1 - -1))?
0
10 + (-3 - -2) + -8
1
(-3 + -4 - -14) + -15
-8
10 - (-19 - -8 - -39)
-18
Evaluate -8 + (16 + -7 - (7 + -3 + -1)).
-2
Calculate 3 - (-12 - -6) - 13.
-4
Evaluate 9 - 5 - (19 + (-17 - -2)).
0
Calculate -20 + (15 - (-13 + 22) - 7).
-21
-8 - -2 - (6 - 3 - (37 - 37))
-9
What is 141 + -143 - (-2 + 1 + -6)?
5
-1 + 12 + -4 - (3 + -1)
5
What is the value of (-3 + -14 - -13) + -31?
-35
What is the value of 160 + -173 + (37 - 2)?
22
Calculate 44 - (23 - 0 - 5).
26
Calculate 9 + 3 + (6 - (10 + 5)) - 26.
-23
What is the value of (11 - (25 - 18)) + 8?
12
(50 + -25 - 28) + 3
0
What is the value of (3 + 4 - (-14 + 9 + 9)) + -28?
-25
6 - (-5 + 18 + 3) - -5
-5
Evaluate 15 - (-13 + (13 - (-13 - 13))).
-11
Evaluate 497 + -486 - (1 - (-47 - -2)).
-35
(3 - 1) + -8 - (-5 + 0) - -5
4
Calculate -5 - ((-1 - -1) + 15).
-20
Calculate -18 + 6 + 6 + -6 - (-7 + 5).
-10
What is the value of (0 + 4 - 5) + 2 + 4?
5
What is 11 - (-18 - -15 - (-13 + 3))?
4
What is the value of -20 - (-5 + 5) - (51 - 57)?
-14
What is -1 - -5 - (-52 - -61)?
-5
Calculate 7 - 6 - -11 - 6.
6
Calculate (8 - (-5 + 3)) + -1 + (172 - 199).
-18
Calculate 6 + -15 + 13 + -15 - -18.
7
Evaluate -7 + (-7 - -23) - 17.
-8
Evaluate (24 - 2) + -11 - 9.
2
Calculate 5 - (2 - (15 - 26)).
-8
What is 19 + (2 - 3) + -20?
-2
Evaluate -1 - -1 - -2 - (-5 - -6 - -5).
-4
(56 - 51) + -3 + -1 - 21
-20
What is -22 + 18 - -9 - (21 + -1 - 3)?
-12
Evaluate 2 - (10 + (-3 + 19 - 30)).
6
Calculate 46 - 0 - (624 - 541).
-37
21 - (0 - (-29 - -10))
2
Calculate (1 + -2 - -7) + 465 + -505.
-34
What is (0 - -15 - (2 + 6)) + -19?
-12
Evaluate -1821 + 1860 - (1 + 26).
12
What is the value of -21 + 42 - (37 - 4)?
-12
Evaluate -23 + (-4 - (-68 + 21)).
20
What is the value of 3 + -11 + -49 + 40?
-17
What is -